39193 (base 14) in base 2?
101011100111101001001101
-355c01 (base 14) to base 2
-110111100101110111001
Convert 788105 (base 9) to base 6.
14040005
-1101021122101 (base 3) to base 7
-6144325
What is 11001122221020 (base 3) in base 5?
1023033041
What is -311030 (base 8) in base 9?
-166173
-1551 (base 14) to base 7
-14031
What is 10535230 (base 6) in base 7?
2516145
Convert -c56947 (base 14) to base 11.
-3841a58
541246 (base 8) to base 13
64457
-4fd4f (base 16) to base 7
-2531220
-65418 (base 10) to base 4
-33332022
What is 1065244 (base 7) in base 16?
20b0c
Convert 347cca (base 13) to base 16.
130200
-1174315 (base 8) to base 15
-66827
-4111332 (base 5) to base 2
-10000001110100011
What is -9125 (base 11) in base 14?
-45c3
33864 (base 11) to base 3
2111011010
Convert -1492911 (base 11) to base 8.
-11567001
Convert -111011111001000110 (base 2) to base 9.
-413455
Convert -3338 (base 16) to base 4.
-3030320
-1002110122020201 (base 3) to base 2
-111011101111011000001111
-402816 (base 9) to base 2
-111010001011101101
Convert -670756 (base 15) to base 12.
-178a909
Convert -247145 (base 16) to base 15.
-322998
1d72e0 (base 15) to base 8
5377771
Convert -972170 (base 13) to base 10.
-3546218
-18658 (base 9) to base 2
-11001010000100
What is -853705 (base 9) in base 16?
-7c034
Convert 1e6a36 (base 15) to base 10.
1490676
-46ac (base 15) to base 11
-10308
-2232021 (base 6) to base 12
-55611
What is 42020202 (base 5) in base 15?
6c387
2952a5 (base 12) to base 6
22505525
1004304303 (base 5) to base 16
1ee86a
Convert -123212112013 (base 4) to base 10.
-7234951
267344 (base 9) to base 13
5917c
4344324 (base 5) to base 14
1d468
1325314205 (base 6) to base 8
74623435
Convert 11101111000110011 (base 2) to base 3.
20012221001
Convert 8cb943 (base 14) to base 9.
10018274
What is 9a8184 (base 12) in base 3?
11122000202001
What is 6265408 (base 9) in base 11?
1988a74
What is 4150517 (base 8) in base 7?
12240202
-2682760 (base 10) to base 15
-37ed5a
Convert 4c1c7 (base 13) to base 11.
96988
-5455220 (base 6) to base 13
-96a83
What is -1c690ca (base 13) in base 11?
-5390751
Convert -1243474 (base 8) to base 16.
-5473c
-100002000011200 (base 3) to base 11
-27a4206
-1a135 (base 16) to base 7
-623246
What is 1503112 (base 6) in base 8?
250324
What is 851072 (base 14) in base 6?
240221500
What is -50774 (base 16) in base 15?
-679c8
12124032 (base 5) to base 2
11011111001011011
What is -207034 (base 9) in base 15?
-267a7
-201013232321 (base 4) to base 7
-133541123
Convert -2311033 (base 4) to base 16.
-2d4f
What is 222202302 (base 4) in base 10?
174258
Convert 2410324 (base 6) to base 9.
211547
-1021120200201110 (base 3) to base 16
-1186c9e
Convert 15725703 (base 8) to base 11.
2072154
Convert 438e2 (base 16) to base 3.
112001120101
What is -2003899 (base 10) in base 4?
-13221032323
Convert 11301132310 (base 4) to base 15.
1ed631
Convert 45ff9 (base 16) to base 6.
10051213
What is -33ba961 (base 12) in base 2?
-100101111101011111011001
1100100011000001111 (base 2) to base 7
3331456
Convert -1023102 (base 4) to base 13.
-2268
-322510 (base 7) to base 8
-155541
What is 25031454 (base 7) in base 5?
1033234422
Convert 6298 (base 11) to base 14.
3075
Convert 25a1982 (base 12) to base 4.
130111020302
-b1a625 (base 12) to base 16
-2a5bfd
-a6b84 (base 12) to base 8
-654424
216c3c (base 14) to base 10
1132934
Convert -112003115 (base 6) to base 5.
-1011203214
-288436 (base 9) to base 12
-86373
Convert -1752240 (base 12) to base 10.
-4835280
What is -4442300 (base 5) in base 7?
-442616
93be (base 15) to base 14
b549
What is -a7cedc (base 15) in base 11?
-4569549
What is 22153035 (base 6) in base 11?
416a64
-68593 (base 14) to base 11
-163557
460231 (base 10) to base 14
bda19
Convert 4b8ba (base 12) to base 10.
103246
-12720327 (base 9) to base 12
-2125b74
-1b8bc5c (base 13) to base 10
-9165792
Convert -4616672 (base 10) to base 9.
-8615785
Convert 30773 (base 10) to base 15.
91b8
Convert -1300211132 (base 4) to base 5.
-104224100
Convert -37571767 (base 8) to base 12.
-2952987
112010021012221 (base 3) to base 8
34501146
-2201102001 (base 4) to base 7
-5420655
Convert -1035954 (base 10) to base 2.
-11111100111010110010
What is 120788 (base 11) in base 4?
232230230
Convert 830862 (base 9) to base 16.
784eb
-20532251 (base 6) to base 9
-1118354
What is 7a300aa (base 11) in base 14?
1c1c38c
What is 12012020011022 (base 3) in base 6?
135054142
-20452131 (base 6) to base 8
-2217667
What is 602331 (base 8) in base 3?
101001101202
Convert -2efa3 (base 16) to base 6.
-4042455
What is -4222522 (base 7) in base 15?
-a1174
-1001001100100000011101 (base 2) to base 9
-4473551
Convert 15a662 (base 13) to base 6.
15302510
What is -ae4eb (base 15) in base 4?
-2013121331
12081a (base 11) to base 10
191322
161dc (base 15) to base 3
10121211000
-12334333 (base 5) to base 15
-25db3
871b0 (base 15) to base 5
102212030
-23120112030 (base 4) to base 12
-bba550
-577269 (base 11) to base 12
-382a80
Convert c842 (base 13) to base 5.
1342040
-272699a (base 13) to base 7
-206520561
Convert -2400255 (base 6) to base 13.
-448a9
Convert 31b9c5 (base 13) to base 7.
12634043
Convert -2122230033 (base 4) to base 3.
-1012012011020
What is -101100212022202 (base 3) in base 13?
-11ab405
What is -64550302 (base 7) in base 15?
-73c02d
Convert -13567274 (base 9) to base 7.
-111044530
Convert 60086 (base 11) to base 9.
143561
Convert -3011132112 (base 4) to base 10.
-808854
What is -6216301 (base 7) in base 15?
-ea72a
What is 85523 (base 9) in base 2?
1101110011101111
Convert 55562 (base 7) to base 9.
21185
-405326 (base 10) to base 14
-a79dc
Convert -1000011010000010001011 (base 2) to base 10.
-2203787
417020 (base 9) to base 16
3c846
Convert -35b0ac (base 13) to base 6.
-43242305
Convert -38444 (base 13) to base 14.
-29c7d
-2854272 (base 11) to base 5
-2224113010
-21df3 (base 16) to base 11
-95267
21021200 (base 5) to base 10
173300
Convert -33636303 (base 8) to base 4.
-123303303003
Convert -232211021130 (base 4) to base 11.
-699015a
Convert 806504 (base 9) to base 11.
2a6566
What is 12133156 (base 7) in base 13?
2bc504
What is -13212043 (base 5) in base 10?
-132148
What is -110101100001111100 (base 2) in base 13?
-78a52
Convert -25235302 (base 6) to base 9.
-1470262
123120220000 (base 4) to base 9
14451351
Convert -666709 (base 10) to base 13.
-1a4604
-25135 (base 14) to base 8
-261253
What is -2fa506 (base 16) in base 15?
-41a278
Convert -2801b91 (base 13) to base 16.
-c0b0a8
-402650 (base 8) to base 12
-64834
What is 27862 (base 13) in base 15?
16d8d
What is 4a560 (base 13) in base 3?
20222010011
Convert 1001011110011100110110 (base 2) to base 11.
1447312
What is -302233232 (base 5) in base 12?
-4a5264
Convert -31638 (base 9) to base 10.
-20933
Convert -1210112201212 (base 3) to base 16.
-e9486
What is -1143132 (base 5) in base 9?
-32644
Convert -3142062 (base 8) to base 6.
-25533230
What is 47460145 (base 8) in base 5?
10124114430
-401a2d (base 16) to base 5
-2033413010
What is -373f5 (base 16) in base 7?
-1631514
Convert 21011342 (base 6) to base 14.
11b8d0
-4c95c5 (base 13) to base 4
-13003111223
What is -d90 (base 14) in base 13?
-12a9
22211122 (base 3) to base 5
201233
Convert -23423440 (base 6) to base 10.
-734352
-56277 (base 15) to base 7
-2220436
-288580 (base 9) to base 5
-21130040
What is -11112020200112 (base 3) in base 16?
-24b738
Convert -2b0a5a (base 12) to base 9.
-1327557
What is 91403a (base 11) in base 13?
3c5b0c
Convert 5561 (base 7) to base 12.
11ab
What is 124440 (base 11) in base 16?
2fe59
Convert -1000010001110111011 (base 2) to base 15.
-555b1
Convert 1103101 (base 8) to base 12.
123715
What is -172742 (base 10) in base 2?
-101010001011000110
What is 130321003 (base 4) in base 11?
80a01
Convert -534141 (base 10) to base 7.
-4353156
-1022312221 (base 4) to base 10
-306601
2840655 (base 9) to base 11
97765a
-421054353 (base 6) to base 7
-116216325
What is 10aa18 (base 11) in base 12?
85746
What is 506767 (base 8) in base 5?
20324130
212220121 (base 3) to base 11
12107
What is 111101532 (base 6) in base 3?
10210100020102
Convert 212103113 (base 4) to base 6.
3210155
What is 115227 (base 10) in base 4?
130020123
-1167580 (base 9) to base 14
-127804
Convert 103001313102 (base 4) to base 7.
602